se 3, what is -12 + 11011?
10222
In base 11, what is 0 + -71?
-71
In base 7, what is 12 - -5040?
5052
In base 2, what is -10000010100 + 100?
-10000010000
In base 5, what is 2021 + -113?
1403
In base 11, what is 9 + -278?
-26a
In base 6, what is 1 + -153?
-152
In base 13, what is -1 + -107?
-108
In base 9, what is 286 - -2?
288
In base 12, what is -6 + 5?
-1
In base 16, what is -15 + 4?
-11
In base 6, what is -40111 - -5?
-40102
In base 15, what is -2 + -98c?
-98e
In base 4, what is 1023 - -11?
1100
In base 4, what is -12001 + 20?
-11321
In base 12, what is -4 + 389?
385
In base 5, what is -403 - 1?
-404
In base 13, what is 2 + -a8?
-a6
In base 15, what is -15d + -2?
-160
In base 13, what is -19 - -4?
-15
In base 12, what is 1b33 + -4?
1b2b
In base 15, what is 4 - 52?
-4d
In base 10, what is 11363 - 1?
11362
In base 5, what is -4231 + 1?
-4230
In base 8, what is 4 + 6?
12
In base 2, what is -101 - -110001101100?
110001100111
In base 10, what is -118 + -10?
-128
In base 8, what is -25 + -41?
-66
In base 15, what is -6 - 0?
-6
In base 4, what is 3 - 32231?
-32222
In base 11, what is -24 - 9?
-32
In base 5, what is -10213 - 0?
-10213
In base 15, what is 1b - e?
c
In base 10, what is 5 + 35?
40
In base 15, what is 3 + 36?
39
In base 12, what is 148 + 1?
149
In base 3, what is 121 + -2?
112
In base 4, what is -21 - 2021?
-2102
In base 10, what is 1960 - 2?
1958
In base 12, what is -1160 + 0?
-1160
In base 4, what is -1130021 - -3?
-1130012
In base 7, what is -13 - 606?
-622
In base 13, what is 3 - 34?
-31
In base 8, what is -46 - -4?
-42
In base 14, what is -1 - 4?
-5
In base 6, what is 110 + -142?
-32
In base 3, what is -12 - -10121020?
10121001
In base 4, what is -122 + -1?
-123
In base 16, what is -3b - 2?
-3d
In base 3, what is -1 + 12120?
12112
In base 5, what is -12223 + 2?
-12221
In base 13, what is 61 - 18?
46
In base 4, what is 0 - -320?
320
In base 9, what is 172 - 0?
172
In base 4, what is -11211 - -223?
-10322
In base 6, what is -3 + 23240?
23233
In base 4, what is -1301303 + 3?
-1301300
In base 7, what is -2 - 22?
-24
In base 6, what is -2 + -100?
-102
In base 7, what is -142 + 5?
-134
In base 16, what is -1 + -18?
-19
In base 16, what is -4 - 2?
-6
In base 6, what is 310 - 35?
231
In base 10, what is 3 + -88?
-85
In base 11, what is -2 - -201?
1aa
In base 14, what is 22 + 0?
22
In base 7, what is 1 + 2643?
2644
In base 4, what is 112 - 301?
-123
In base 15, what is 68 - 0?
68
In base 14, what is -4 - -1a?
16
In base 3, what is -12 + -1010200?
-1010212
In base 14, what is a5 + 37?
dc
In base 5, what is -3412 + -2?
-3414
In base 12, what is -137 + -6?
-141
In base 9, what is -217 - -157?
-50
In base 12, what is -540 + 4?
-538
In base 7, what is 2 + 35?
40
In base 15, what is -4 + -82?
-86
In base 10, what is 23 + -47?
-24
In base 10, what is -1 - -66?
65
In base 15, what is -37 - 13?
-4a
In base 3, what is 2010202 + 111?
2011020
In base 8, what is -54 + -35?
-111
In base 2, what is -100 + 111001?
110101
In base 15, what is -1 + 35?
34
In base 7, what is -1 + -432?
-433
In base 15, what is 3 - c10?
-c0c
In base 11, what is 3a9 - a?
39a
In base 6, what is -5 + 240?
231
In base 7, what is -64 - -40?
-24
In base 14, what is -6b + -4?
-71
In base 10, what is -1 + 415?
414
In base 3, what is 1 + -2212?
-2211
In base 16, what is -1935 - 2?
-1937
In base 16, what is 9a - 3?
97
In base 10, what is -4 + -35?
-39
In base 3, what is -221222 - -20?
-221202
In base 6, what is -420 - -3?
-413
In base 16, what is -9 - -59?
50
In base 4, what is -1311 - -12?
-1233
In base 15, what is 9d - 5?
98
In base 8, what is -10 + 172?
162
In base 9, what is 2 - -11538?
11541
In base 6, what is -205 - 1?
-210
In base 15, what is -72 + 2?
-70
In base 8, what is 37 + -4?
33
In base 8, what is 6 - -53?
61
In base 13, what is -146b - -5?
-1466
In base 3, what is 121001 - 200?
120101
In base 10, what is 6 - 46?
-40
In base 6, what is -32 - 1315?
-1351
In base 15, what is -7 + -1?
-8
In base 15, what is 1 - -6d?
6e
In base 10, what is -2 - 202?
-204
In base 9, what is 5 + 17?
23
In base 13, what is 7c - 3?
79
In base 3, what is 11101 - -10?
11111
In base 2, what is -1001000 - -100000?
-101000
In base 5, what is 142330 + -3?
142322
In base 14, what is -2 - aa?
-ac
In base 5, what is 120 + 1001?
1121
In base 7, what is -6156 + -2?
-6161
In base 13, what is -199 + -2?
-19b
In base 5, what is -331441 + -3?
-331444
In base 11, what is 2423 - -4?
2427
In base 8, what is 5 + -51?
-44
In base 8, what is 1 - 4537?
-4536
In base 14, what is 243 - -5?
248
In base 4, what is -303 - 13?
-322
In base 7, what is 10 + -32?
-22
In base 15, what is 7 - -4a?
52
In base 13, what is -a - -a9?
9c
In base 8, what is -5 + 67?
62
In base 3, what is -10022 + -2000?
-12022
In base 3, what is -2 + -10120?
-10122
In base 13, what is 0 - -420?
420
In base 15, what is 108 - 0?
108
In base 8, what is -15 + 3?
-12
In base 4, what is 1330 + 1?
1331
In base 8, what is 0 - -1033?
1033
In base 9, what is -4 + -2217?
-2222
In base 15, what is -17 - -87?
70
In base 15, what is 77 + -2?
75
In base 6, what is 4 + -410?
-402
In base 11, what is -12 - -3a?
28
In base 16, what is 1 + ba?
bb
In base 14, what is -ca - -5?
-c5
In base 2, what is 11110 - 10111?
111
In base 12, what is 1 + 924?
925
In base 9, what is 1 - 55?
-54
In base 12, what is 3 - -3281?
3284
In base 14, what is -218 - -3?
-215
In base 16, what is 351 + 0?
351
In base 6, what is 320 + 10?
330
In base 11, what is -26a - 4?
-273
In base 16, what is -5 - 39f?
-3a4
In base 14, what is 8 - -d4?
dc
In base 12, what is 46 - 26?
20
In base 15, what is a28 + 2?
a2a
In base 8, what is 2 + -24?
-22
In base 5, what is 10 - 314?
-304
In base 14, what is 1 - -9c0?
9c1
In base 5, what is -4223 - 11?
-4234
In base 12, what is -71a + 3?
-717
In base 9, what is -2 + 1281?
1278
In base 3, what is 21 - 21000?
-20202
In base 8, what is -17 - -147?
130
In base 2, what is -1001010001 - 10?
-1001010011
In base 15, what is 1 + -bd?
-bc
In base 11, what is 9 + -2073?
-2065
In base 14, what is -14b + -2?
-14d
In base 6, what is -3 + -321?
-324
In base 16, what is -7f + -5?
-84
In base 5, what is 1 + -10?
-4
In base 10, what is 2 + -9?
-7
In base 15, what is c7c2 - -4?
c7c6
In base 12, what is 173 - -a?
181
In base 8, what is 1441 + -12?
1427
In base 7, what is 330 + -1?
326
In base 9, what is -2 + -5?
-7
In base 2, what is -110011011110 + 1?
-110011011101
In base 9, what is 3 + -65?
-62
In base 4, what is 1323 - -1111?
3100
In base 3, what is 2 - -110122?
110201
In base 11, what is -1 + 1276?
1275
In base 9, what is -47 - 55?
-113
In base 16, what is -19 + -1?
-1a
In base 4, what is -10 - 11020?
-11030
In base 6, what is -11235 - -2?
-11233
In base 12, what is 5 - 3b?
-36
In base 2, what is 11101000111011 - 11?
11101000111000
In base 5, what is -24 + -12?
-41
In base 4, what is -31031 + 0?
-31031
In base 5, what is 0 + -203?
-203
In base 3, what is -10112 + 201?
-2211
In base 16, what is -2 - -635?
633
In base 14, what is -4 + -46?
-4a
In base 3, what is 20220 + -1?
20212
In base 8, what is 1 + -6675?
-6674
In base 6, what is -1131 + -132?
-1303
In base 4, what is 3 - 112030?
-112021
In base 10, what is -14 - -31?
17
In base 6, what is 2 + 2052?
2054
In base 2, what is 11100 + 1011001?
1110101
In base 2, what is -110 - -101000100?
100111110
In base 6, what is 52 - 132?
-40
In base 13, what is -7 + -8?
-12
In base 7, what is 5 - -30034?
30042
In base 3, what is -1 + 100001211?
100001210
In base 4, what is -1 + -1120?
-1121
In base 11, what is -4 + 47?
43
In base 12, what is 1 - -4?
5
In base 2, what is -111001 + -1011111?
-10011000
In base 6, what is -15 + -153?
-212
In base 15, what is eb + -2?
e9
In base 9, what is -60 + -71?
-141
In base 10, what is -50 - 115?
-165
In base 6, what is -40 + -212?
-252
In base 10, what is 112 + -188?
-76
In base 5, what is 202 + -1?
201
In base 7, what is -12555 + 6?
-12546
In base 10, what is -8 + -19?
-27
In base 3, what is -212 + -202?
-1121
In base 6, what is -305 - -4?
-301
In base 7, what is -64 + 4?
-60
In base 14, what is 14b3 - 1?
14b2
In base 5, what is 22 + 220?
242
In base 8, what is -1440 + 4?
-1434
In base 5, what is -34120 + -3?
-34123
In base 9, what is 61 + 7?
68
In base 8, what is 11344 - 3?
11341
In base 13, what is 7